 = q - 2, 2*q + f*j - 4 + 0 = 0. Let x(h) be the second derivative of -2*h**3/3 - h**2/2 - h. Determine x(q).
-9
Let b be ((-3)/(-2))/((-12)/16). Suppose -3*j - 10 = -6*j - f, 6 = -j + 2*f. Let p(m) = m**3 + 3*m**2 - m**2 - j + m**3 + 0*m**3. What is p(b)?
-10
Let d be 30/(-70) + (-1 - (-1795)/7). Suppose 80 = -5*o + d. Let a = 35 - o. Let w(j) = -j + 7. What is w(a)?
7
Let z(h) = 3*h + 13. Let t(j) = 1 + 260*j - 259*j + 5. Let x(o) = 14*t(o) - 6*z(o). Determine x(4).
-10
Suppose 0*m + 4 = -m. Let u(f) = 18*f - 20 - 12*f - f**2 - 29 + 2*f**2 + 52. Calculate u(m).
-5
Suppose 4*a - 20 = 0, 3*a + 4 = 5*h + 9. Suppose 0 = -5*n + 15, 0*n - 77 = -h*x + n. Let m(l) = -4*l - 38 - x + 75. Determine m(-4).
13
Let f(i) = i**3 + 16*i**2 + 15*i + 18. Let v be 660/88*(-2 - (4 + -4)). Give f(v).
18
Let z(w) = -w**3 - 4*w**2 - 4*w + 3. Suppose 6*m = 7*m - 46. Suppose -m*d + 68*d + 88 = 0. Calculate z(d).
19
Let h(u) = -4*u + 36. Let n be h(8). Let b be 442/(-170) + n/(-10). Let v(r) = -r**3 - r**2 - 2*r - 2. What is v(b)?
22
Suppose -3*s = -8*s + 85. Suppose -s*i = -20*i. Let f be i/(-4) + -3 + -4. Let w(v) = v**3 + 8*v**2 + 6*v + 2. Give w(f).
9
Let y(r) = 18*r**2 + 2*r + 1. Suppose 12*o = 9*o. Let z be -4 + -3 + o - -6. Give y(z).
17
Let i(w) = 17*w + 60. Let k(q) = 14*q + 53. Let t(c) = 5*i(c) - 6*k(c). Suppose s = 4*o, 2*s + 2*o + 2*o = -12. Let f(p) = -2*p. Let h be f(s). Calculate t(h).
-10
Let t(g) = 96*g - 51*g - 44*g. Let b(h) = h**2 - 8*h + 9. Let x be 250/(-75)*(-3)/2. Let v be b(x). Give t(v).
-6
Let l(j) = 8*j - 2. Let w(t) = 4*t**2 - 83*t + 414. Let f be w(12). Determine l(f).
-50
Let q(w) be the first derivative of -w**3/3 + 10*w**2 - 71*w - 2284. Determine q(4).
-7
Suppose u = -14*x + 9*x + 5, u - 3*x + 3 = 0. Let p(c) = -c**2 + c + 2. Let y be p(u). Let f(i) = -2*i**3 + i**2 + 1. Calculate f(y).
-11
Suppose -5*q + 16 = 5*o - 9, 0 = 3*o - q - 15. Let w(s) = 4 + s**2 - o*s + 7 - 12. Calculate w(4).
-5
Let x(p) = 7*p**2 - 9*p + 7. Let a(d) = -4*d**2 + 5*d - 4. Let c(v) = 5*a(v) + 3*x(v). Let n(b) = -3*b**2 + 12*b - 8. Let j(r) = -2*c(r) - n(r). Calculate j(6).
-6
Let a = -439 - 121. Let p = 556 + a. Let k(r) = -r**2 - 2*r + 1. Determine k(p).
-7
Let w = -530 - -536. Let q be w/(-1)*164/(-246). Let m(b) = -b**2 + 2*b + 3. Determine m(q).
-5
Suppose 0 = -81*b + 82*b + 5*f + 3, 0 = -f. Let t(n) = -4*n + 6. Let g(u) = 2*u - 1. Let i(j) = b*g(j) - t(j). Give i(-5).
7
Let t be (-1 - (-2)/(-4))*-8. Let k(m) = m**2 - 12*m + 17. Let f be k(t). Let b(c) = 8*c + c**2 - f*c - 1 + 7*c. Give b(4).
7
Let d(f) = f**3 + 29*f**2 + 5. Suppose -3*q = 5*n + 102, -6*q + 2*n - 55 = 113. Determine d(q).
5
Let y be 18/(-21) - (-2)/((-560)/(-275)). Let u(p) be the third derivative of -y*p**4 + 11*p**2 + 0*p + 0 + 1/60*p**5 - 2/3*p**3. Determine u(-3).
14
Let f(r) = -6*r**2 + 5*r - 7. Let u be f(1). Let x(b) = -b**2 - 9*b. What is x(u)?
8
Suppose -291*u + 128 = -604*u + 297*u. Let a(c) = -4*c**2 - 28*c - 12. Calculate a(u).
-44
Suppose 6*s = -6 - 6. Let f be s - (1 + -2)*7. Let l(y) = 8*y**2 - 3*y**3 - y**2 + 8*y + 4*y**3 + f. What is l(-6)?
-7
Let y(l) = -1 - 9*l**3 + 46*l**2 - 45*l**2 + 4*l**3 + 4*l**3 + 2*l. Let s be (-2)/1 + (-2 - (2 - 3)). Calculate y(s).
29
Let u be -17 + 16 + (-1 - -6). Suppose u*x = -35*x + 9*x. Let r(m) = -2*m - 22. Determine r(x).
-22
Suppose 2*f = -21 + 25. Let n(b) = b**2 + 18 + b**2 - 4*b**2 + 2*b**f - b**2 - 5*b. Calculate n(-7).
4
Let t = -7524 - -7518. Let u(k) = k + 24. Calculate u(t).
18
Let u(i) = i - 4. Suppose -5*p + c - 130 = -0*c, 3*c = -15. Let z = 32 + p. Suppose -21 = 4*m - z. Determine u(m).
-8
Let h(y) = -21*y - 20. Let t be h(-4). Suppose -48 = -28*r + t. Let g(i) = -5*i - 2. Let v(z) = -3*z - 1. Let x(s) = 6*g(s) - 11*v(s). Give x(r).
11
Let h(u) = 33*u - 28. Suppose 3246 - 3276 = -15*j. Give h(j).
38
Let z(g) be the third derivative of g**5/20 + 3*g**4/8 - g**3/2 - 868*g**2. Calculate z(-2).
-9
Let r be 9/(-1) + (-182)/(-7). Suppose 60 + r = -7*u. Let q(a) = -a**3 - 10*a**2 + 13*a + 19. Determine q(u).
-3
Let m = 140 - 150. Let s(i) = -i**3 - 8*i**2 + 21*i + 15. Let w be s(m). Let c(r) = r**3 - 5*r**2 - 3*r + 5. Give c(w).
-10
Suppose 0 = -4*p - 23 + 11. Let h = p + 2. Let o(s) = -9*s. Give o(h).
9
Let t(m) = 4*m - 2. Let y be (-8)/(168/(-35)) - (-2)/6. Let c be y*1 + (-2 - (4 - 6)). What is t(c)?
6
Let i(k) = -2*k - 8 + k**2 + 4*k + 9*k. Let l(q) be the second derivative of -q**4/6 - 7*q**3/2 + 8*q**2 + 3*q. Let n(p) = -11*i(p) - 6*l(p). What is n(-6)?
-2
Let z(s) = 8*s**2 - 8*s**2 - 3*s**2 + 0*s**2 + 12*s + s**2. Give z(7).
-14
Let j(v) = 34*v - 339. Suppose 0 = 53*y + 207 - 737. What is j(y)?
1
Let j(y) = -y**3 - 5*y**2 - 6*y - 7. Let b(d) = -5*d - 23 - 44 - 8*d**2 + 9*d**2 + 3 - 6*d. Let c be b(15). What is j(c)?
1
Let p(d) = -2*d - 5. Let c(q) = 2*q + 64. Let x(g) = -c(g) - 12*p(g). What is x(2)?
40
Let v(o) = o**3 - 27*o**2 - 95*o - 876. Let u be v(31). Let c(b) = -3*b + 56. Give c(u).
-13
Let r(s) = 31*s + 9. Let y = 18831 + -18827. Calculate r(y).
133
Let s(q) be the first derivative of -q**3 + q**2/2 + 3*q - 537. Determine s(-2).
-11
Let q be 2/5 - (-144)/40. Let p(i) be the first derivative of -i**5/120 + i**4/24 + 19*i**3/3 - 26. Let u(s) be the third derivative of p(s). Determine u(q).
-3
Let k(j) = j**2 - 11*j - 19. Let h(v) be the first derivative of v**4/4 - 23*v**3/3 - 11*v**2 - 35*v - 26. Let r be h(24). Calculate k(r).
7
Let s(p) = 2*p**2 + 3*p + 3. Let j(f) = -7*f - 107. Let g = 175 - 190. Let x be j(g). Calculate s(x).
5
Let x(c) be the third derivative of -c**7/840 + c**6/60 + 7*c**5/120 + c**4/24 + 25*c**3/3 + c**2 + 22*c. Let f(d) be the first derivative of x(d). Give f(7).
1
Let f(t) = t**3 + 2*t**2 - 5*t - 3. Let s be f(3). Suppose -h + 17 = -s. Let l(m) = 45 - 89 + 2*m**2 + 2*m + h. Determine l(-3).
12
Let w(a) = 175*a**2 - 60*a + 53*a + 2*a**3 - 349*a**2 + 14 + 169*a**2. Determine w(5).
104
Let a = 6569 + -6572. Let c(q) = -4*q + 6. Give c(a).
18
Let v = -1377 + 1357. Let p(t) = -3*t - 58. Give p(v).
2
Suppose -149 = 2*d - 153. Let c(p) = 2*p**d - 1 - 17*p**3 - 4*p**3 + 2*p**3. Determine c(-1).
20
Let u(c) = -c**3 + c**2 + 2*c + 1. Let g(z) = -z**2 - 15*z - 2. Let j be g(-15). Let y be u(j). Let i(q) = q**2 - 8*q - 8. What is i(y)?
1
Let k(p) = -15*p**3 - 104*p**2 - 16*p - 36. Let f(v) = 11*v**3 + 76*v**2 + 12*v + 27. Let q(s) = -11*f(s) - 8*k(s). Give q(-4).
7
Let q(w) = -1333 - 1342 - 31*w + 2676. Give q(0).
1
Suppose c - 4*c = 3*d - 6, -5*c - 10 = 0. Suppose -2*p + 12 = 2*g, 3*p - 3*g - 20 = -d*g. Let o(t) = -2*t + 7. Determine o(p).
-7
Let n(l) = 2*l**2 + 18*l - 16. Let w(p) = -4*p**2 - 16*p + 18. Let h(x) = 3*n(x) + 2*w(x). Calculate h(10).
8
Let i(h) be the third derivative of h**4/24 - 4*h**3/3 - 60*h**2. Give i(7).
-1
Let b(q) be the second derivative of 1/2*q**3 - 8*q + 0 + 7/2*q**2. Let c(y) = -y**3 + 16*y**2 - 14*y - 20. Let u be c(15). Calculate b(u).
-8
Let l be (-8)/(-1 - -3) - (110 - 118). Let v(w) = w**2 - 4*w - 7. Give v(l).
-7
Let i(r) = 22*r + 1. Suppose 19 = -29*n - 100 + 32. Calculate i(n).
-65
Let i(r) = -2*r - 7. Suppose w = 226*w + 487 + 863. What is i(w)?
5
Let a(r) = -29*r**2 - 752*r - 38. Let d(u) = -12*u**2 - 312*u - 15. Let g(o) = 5*a(o) - 12*d(o). Let s = -32 + 17. Give g(s).
5
Let r = -13432 + 13437. Let g(s) = s - 20. Determine g(r).
-15
Let h(l) = 11*l + 25. Let u be h(-3). Let b(r) = -r**3 - 7*r**2 + 6*r + 1. Let m be b(u). Let o(f) = -f**2 + 19*f - 37. Calculate o(m).
-3
Let n(l) = -6*l**2 - 2*l**3 - 2 + 3 - 6 + 6 + 7*l**2. Determine n(-3).
64
Let t(g) = 20*g + 32. Let m(f) = -10*f - 11 + 2*f + f. Let p(k) = -14*m(k) - 5*t(k). Let x be (63/(-28))/(2 - (-13)/(-8)). Give p(x).
6
Let d(x) = -x**2 - 5*x + 8. Suppose -537 = 8*c - 1865. Let f = 158 - c. Give d(f).
-16
Let s(q) = -q**2 + 1. Let v(r) = 7*r**2 + 3*r - 6. Let b(t) = -6*s(t) - v(t). Let m(w) = -2*w - 21. Let y be m(-9). What is b(y)?
0
Let x = -29376 + 29384. Let j(h) = h**3 - 11*h**2 + 33*h - 20. Determine j(x).
52
Let f(c) = -c**3 + c**2 + 2*c + 2. Let h(j) = 8*j + 3*j - 9*j + 16. Let v be h(-8). Suppose 3*w - 15 = 0, v*w = y + 3*w - 18. Calculate f(y).
-10
Let z(m) be the second derivative of 0 - 122*m + 2/3*m**3 + 9/2*m**2. Determine z(-8).
-23
Let v(s) = 4*s**2 + s + 0*s - 2*s**2. Suppose 197*h - 5